hat is the remainder when 196992 is divided by 3353?
2518
Calculate the remainder when 332190 is divided by 10279.
3262
Calculate the remainder when 473952 is divided by 13037.
4620
What is the remainder when 335826 is divided by 111221?
2163
What is the remainder when 10638394 is divided by 2659596?
10
Calculate the remainder when 2114490 is divided by 264282.
234
Calculate the remainder when 3052631 is divided by 837.
92
Calculate the remainder when 253926 is divided by 2199.
1041
Calculate the remainder when 85005 is divided by 344.
37
Calculate the remainder when 542388 is divided by 2039.
14
What is the remainder when 10089896 is divided by 5621?
201
Calculate the remainder when 261107 is divided by 138.
11
What is the remainder when 319936488 is divided by 449349?
0
What is the remainder when 938162 is divided by 468901?
360
What is the remainder when 144216 is divided by 1349?
1222
Calculate the remainder when 1704421 is divided by 1704379.
42
What is the remainder when 14094 is divided by 2138?
1266
Calculate the remainder when 110261 is divided by 2398.
2351
Calculate the remainder when 6451332 is divided by 407.
382
What is the remainder when 549352 is divided by 141?
16
What is the remainder when 604377 is divided by 2174?
5
What is the remainder when 63254079 is divided by 320?
319
Calculate the remainder when 8566158 is divided by 191.
190
What is the remainder when 92755 is divided by 107?
93
Calculate the remainder when 20192 is divided by 7327.
5538
Calculate the remainder when 173627 is divided by 91.
90
Calculate the remainder when 49991 is divided by 89.
62
What is the remainder when 3954835 is divided by 4788?
4735
What is the remainder when 43969844 is divided by 213?
41
What is the remainder when 8184684 is divided by 133?
130
What is the remainder when 112377339 is divided by 1730?
1729
What is the remainder when 47121026 is divided by 212?
210
What is the remainder when 14662 is divided by 1451?
152
Calculate the remainder when 77615 is divided by 338.
213
Calculate the remainder when 12663201 is divided by 282.
273
Calculate the remainder when 336966 is divided by 83845.
1586
Calculate the remainder when 5142928 is divided by 195.
193
What is the remainder when 185153 is divided by 11050?
8353
What is the remainder when 120236 is divided by 9923?
1160
What is the remainder when 5598600 is divided by 466548?
24
What is the remainder when 2475845 is divided by 837?
836
Calculate the remainder when 6911889 is divided by 315.
159
What is the remainder when 1425711 is divided by 921?
3
Calculate the remainder when 1467 is divided by 474.
45
What is the remainder when 20062810 is divided by 1216?
26
What is the remainder when 39615 is divided by 3412?
2083
Calculate the remainder when 29686926 is divided by 14.
10
Calculate the remainder when 3899929810 is divided by 13198.
13196
Calculate the remainder when 21320477 is divided by 20.
17
Calculate the remainder when 26279127 is divided by 83.
82
What is the remainder when 23355 is divided by 11413?
529
Calculate the remainder when 4144929 is divided by 3420.
3309
Calculate the remainder when 9559714 is divided by 11.
10
Calculate the remainder when 108189035 is divided by 10.
5
Calculate the remainder when 4316271 is divided by 9656.
39
What is the remainder when 9896755 is divided by 21?
1
What is the remainder when 37185 is divided by 9182?
457
Calculate the remainder when 89403 is divided by 14895.
33
What is the remainder when 12807348 is divided by 11284?
8
Calculate the remainder when 5047090 is divided by 90.
70
Calculate the remainder when 2368675 is divided by 338380.
15
Calculate the remainder when 138670697 is divided by 19.
14
Calculate the remainder when 2127570 is divided by 75980.
130
What is the remainder when 93552 is divided by 1623?
1041
What is the remainder when 2906631 is divided by 792?
783
Calculate the remainder when 29166910 is divided by 322.
150
What is the remainder when 681997 is divided by 5199?
928
Calculate the remainder when 48526 is divided by 43874.
4652
What is the remainder when 264807 is divided by 132318?
171
What is the remainder when 675215 is divided by 15005?
14995
Calculate the remainder when 28405481 is divided by 1977.
1922
What is the remainder when 1174693 is divided by 391549?
46
Calculate the remainder when 7273105 is divided by 314.
237
What is the remainder when 20143868 is divided by 262?
260
What is the remainder when 41122 is divided by 20215?
692
What is the remainder when 6288173 is divided by 264?
221
Calculate the remainder when 466655 is divided by 466646.
9
What is the remainder when 230122 is divided by 57099?
1726
What is the remainder when 2108811 is divided by 52720?
11
What is the remainder when 1986837 is divided by 2098?
31
What is the remainder when 143780 is divided by 71809?
162
Calculate the remainder when 83051 is divided by 11566.
2089
Calculate the remainder when 430966 is divided by 4227.
4039
Calculate the remainder when 33414 is divided by 6.
0
Calculate the remainder when 8868888 is divided by 7.
0
What is the remainder when 20292170 is divided by 1268259?
26
Calculate the remainder when 643843 is divided by 2259.
28
What is the remainder when 2524234 is divided by 259?
20
What is the remainder when 1783028 is divided by 509?
1
Calculate the remainder when 2530853 is divided by 361550.
3
What is the remainder when 195584 is divided by 5884?
1412
Calculate the remainder when 1679729 is divided by 1679628.
101
Calculate the remainder when 37526 is divided by 1113.
797
What is the remainder when 747795 is divided by 349?
237
Calculate the remainder when 262978 is divided by 65652.
370
Calculate the remainder when 2133946 is divided by 1066107.
1732
Calculate the remainder when 49982756 is divided by 8.
4
What is the remainder when 17623450 is divided by 23?
22
What is the remainder when 15152827 is divided by 237?
232
What is the remainder when 126866 is divided by 41766?
1568
Calculate the remainder when 9038266 is divided by 9038254.
12
Calculate the remainder when 162535813 is divided by 135.
133
What is the remainder when 247394 is divided by 327?
182
What is the remainder when 27118787 is divided by 21?
17
What is the remainder when 5171452 is divided by 113?
7
Calculate the remainder when 3060674 is divided by 4575.
4574
What is the remainder when 28705727 is divided by 51?
20
Calculate the remainder when 2481298 is divided by 620322.
10
What is the remainder when 16983 is divided by 1885?
18
What is the remainder when 7441054 is divided by 3469?
49
What is the remainder when 56764 is divided by 56363?
401
What is the remainder when 26616 is divided by 13287?
42
What is the remainder when 3813267 is divided by 463?
462
Calculate the remainder when 94310330 is divided by 138488.
2
Calculate the remainder when 5362753 is divided by 12800.
12353
What is the remainder when 628245 is divided by 7305?
15
Calculate the remainder when 419210 is divided by 1109.
8
Calculate the remainder when 56883156 is divided by 1891.
1876
Calculate the remainder when 12806 is divided by 3369.
2699
What is the remainder when 9769090 is divided by 3256171?
577
What is the remainder when 353206 is divided by 30?
16
What is the remainder when 1089357 is divided by 1085?
17
What is the remainder when 24570 is divided by 1488?
762
Calculate the remainder when 1193997 is divided by 14.
7
What is the remainder when 3147659 is divided by 1044?
1043
Calculate the remainder when 132327708 is divided by 9053.
7
What is the remainder when 8655637 is divided by 10?
7
Calculate the remainder when 7907149 is divided by 434.
103
Calculate the remainder when 348521 is divided by 11980.
1101
What is the remainder when 323040 is divided by 4105?
2850
Calculate the remainder when 194566 is divided by 2585.
691
What is the remainder when 568192 is divided by 1793?
1604
Calculate the remainder when 422009 is divided by 228.
209
What is the remainder when 16495526 is divided by 229104?
38
What is the remainder when 398288 is divided by 44240?
128
What is the remainder when 1108135 is divided by 9312?
7
Calculate the remainder when 99721615 is divided by 102.
91
What is the remainder when 3511814 is divided by 84?
26
Calculate the rem